c2 (base 16) to base 7
1212
3c8 (base 15) to base 6
3555
What is -1249 (base 16) in base 15?
-15c1
What is 30301 (base 4) in base 6?
3441
2321 (base 14) to base 12
3649
31332 (base 5) to base 8
4054
What is -100001 (base 3) in base 5?
-1434
What is 1111101011010 (base 2) in base 13?
3865
Convert -1a5d (base 14) to base 5.
-123122
Convert -102000 (base 3) to base 7.
-603
1013125 (base 6) to base 3
2110201222
Convert -11062 (base 12) to base 8.
-54012
What is -1756 (base 9) in base 12?
-943
What is 436 (base 11) in base 9?
641
Convert 957 (base 12) to base 16.
553
-90a (base 16) to base 3
-10011201
Convert -151 (base 10) to base 4.
-2113
Convert 30435 (base 7) to base 10.
7425
-174 (base 15) to base 10
-334
Convert 385 (base 10) to base 8.
601
What is 12115 (base 9) in base 12?
4842
-2821 (base 10) to base 7
-11140
Convert -14f (base 16) to base 8.
-517
-13243 (base 9) to base 7
-35043
-64 (base 14) to base 6
-224
What is 43011 (base 5) in base 9?
3851
What is -491 (base 13) in base 6?
-3402
What is -1081 (base 9) in base 8?
-1442
231104 (base 5) to base 16
2057
Convert -43354 (base 7) to base 5.
-321234
What is -28784 (base 10) in base 5?
-1410114
What is -6530 (base 7) in base 8?
-4424
Convert 212 (base 3) to base 9.
25
Convert -734 (base 8) to base 5.
-3401
What is -1125 (base 8) in base 12?
-419
11101 (base 5) to base 16
308
8055 (base 9) to base 6
43122
Convert -5429 (base 10) to base 7.
-21554
What is -11111100110 (base 2) in base 11?
-1579
-6706 (base 11) to base 6
-104531
8a7 (base 11) to base 4
100331
What is 767 (base 10) in base 2?
1011111111
Convert -1275 (base 15) to base 7.
-14321
-11161 (base 7) to base 2
-101100010100
What is 32a (base 12) in base 13?
29b
Convert -148 (base 15) to base 4.
-10211
Convert 747 (base 12) to base 4.
100213
-3c9c (base 16) to base 3
-210021200
Convert -159 (base 11) to base 7.
-353
What is -90a (base 16) in base 5?
-33224
What is 10001213 (base 4) in base 9?
24548
What is -110202 (base 3) in base 16?
-158
Convert 10102022212 (base 3) to base 2.
10000011011101011
Convert 110003 (base 4) to base 2.
10100000011
-354 (base 9) to base 10
-292
2140 (base 7) to base 12
537
-6ec (base 15) to base 10
-1572
-1001001010111 (base 2) to base 14
-19d5
7c (base 16) to base 3
11121
-200011020 (base 3) to base 10
-13236
What is 28 (base 16) in base 10?
40
Convert 52 (base 13) to base 11.
61
Convert -11307 (base 10) to base 11.
-854a
1021012 (base 3) to base 11
76a
What is 1961 (base 12) in base 3?
11020201
What is -a06 (base 15) in base 4?
-203100
-dd (base 14) to base 10
-195
What is -301416 (base 7) in base 12?
-255b9
Convert -220000 (base 3) to base 16.
-288
Convert -1433 (base 5) to base 8.
-363
What is -7414 (base 14) in base 7?
-112224
Convert -12463 (base 10) to base 9.
-18077
Convert 12002221 (base 3) to base 15.
1184
Convert -1010100100110101 (base 2) to base 3.
-2012102100
Convert 251 (base 14) to base 5.
3323
What is 320114 (base 5) in base 9?
15553
Convert 13654 (base 7) to base 4.
322303
Convert -b1 (base 14) to base 4.
-2123
112213 (base 4) to base 3
1222121
What is 831 (base 16) in base 9?
2780
What is -110212100 (base 3) in base 15?
-2ba3
What is 5148 (base 9) in base 14?
1534
Convert 101011101001 (base 2) to base 10.
2793
Convert b11 (base 14) to base 5.
32141
What is 204c (base 16) in base 5?
231033
Convert 413222 (base 5) to base 14.
4d2a
-b2c (base 13) to base 6
-12441
b3 (base 13) to base 9
172
Convert -111001011110 (base 2) to base 3.
-12001020
-2006 (base 12) to base 14
-1394
-10c (base 16) to base 6
-1124
-110111100000100 (base 2) to base 15
-864a
20031 (base 7) to base 14
1a88
-1013032 (base 4) to base 11
-3474
-66 (base 11) to base 9
-80
Convert -1001001100110111 (base 2) to base 7.
-214606
What is 21120211 (base 3) in base 13?
2695
-3764 (base 8) to base 5
-31121
Convert 1401 (base 13) to base 6.
21150
What is 2301333 (base 5) in base 4?
21332023
Convert -26228 (base 9) to base 13.
-8084
f1 (base 16) to base 9
287
What is 13420 (base 5) in base 9?
1463
Convert 1214 (base 9) to base 11.
752
dcd (base 16) to base 3
11211212
What is -127 (base 13) in base 5?
-1302
What is 25428 (base 9) in base 16?
42dd
-10628 (base 13) to base 3
-1111121122
What is -1055323 (base 6) in base 12?
-27543
Convert -1253 (base 8) to base 15.
-308
What is 319 (base 14) in base 8?
1143
-2002 (base 8) to base 9
-1360
What is 812 (base 16) in base 7?
6011
Convert 813 (base 10) to base 3.
1010010
-4123 (base 5) to base 10
-538
-1011222102 (base 3) to base 8
-55420
-13868 (base 10) to base 3
-201000122
What is -130423 (base 5) in base 13?
-2434
What is -3340 (base 6) in base 5?
-11110
What is 73c (base 16) in base 11?
1434
What is 250 (base 16) in base 13?
367
Convert -633 (base 12) to base 6.
-4103
What is -134205 (base 6) in base 5?
-400410
What is -2020 (base 7) in base 11?
-587
-2010022200 (base 3) to base 16
-a33b
Convert -161266 (base 7) to base 3.
-1121111011
What is 1011001101011101 (base 2) in base 13?
17b91
What is -1552 (base 16) in base 11?
-4112
What is 27511 (base 10) in base 13?
c6a3
What is -d2a5 (base 15) in base 7?
-243452
What is -2609a (base 11) in base 3?
-1220021100
Convert -420310 (base 5) to base 8.
-33006
-4c34 (base 16) to base 6
-230152
Convert 1332101 (base 5) to base 2.
110101000001111
Convert 6168 (base 10) to base 11.
46a8
Convert 1004014 (base 5) to base 12.
9406
100111010001000 (base 2) to base 14
7480
What is -7b2 (base 14) in base 16?
-5f8
Convert -334 (base 13) to base 6.
-2314
-23 (base 6) to base 7
-21
21023 (base 5) to base 6
10232
What is 111100101 (base 2) in base 10?
485
What is 3a4 (base 12) in base 16?
22c
Convert 5087 (base 9) to base 6.
25124
12202021 (base 3) to base 8
10140
303 (base 9) to base 3
100010
Convert 474 (base 13) to base 2.
1100000011
-1011 (base 12) to base 16
-6cd
-1173 (base 11) to base 2
-10111111100
Convert -17236 (base 8) to base 14.
-2bdc
What is 65a (base 13) in base 9?
1440
-707 (base 13) to base 3
-1122002
2b (base 13) to base 9
41
What is -5bc (base 15) in base 10?
-1302
Convert -1192 (base 11) to base 7.
-4346
Convert -617 (base 15) to base 2.
-10101011100
What is 221b (base 15) in base 3?
100220122
What is -216 (base 14) in base 3?
-120021
Convert 23743 (base 8) to base 13.
4856
Convert -137 (base 10) to base 15.
-92
What is -3362 (base 8) in base 12?
-1042
What is -458c (base 14) in base 15?
-38a5
Convert -5992 (base 11) to base 3.
-101202120
Convert -364 (base 15) to base 14.
-3cd
What is 1010101000001110 (base 2) in base 16?
aa0e
What is 134544 (base 7) in base 8?
62073
287b (base 13) to base 16
16d8
Convert -14424 (base 8) to base 14.
-24a8
1a641 (base 14) to base 11
46450
Convert -3210 (base 7) to base 6.
-5130
What is 333310 (base 4) in base 3?
12121021
3d7 (base 15) to base 14
469
557 (base 10) to base 16
22d
-6a6 (base 13) to base 4
-101332
104773 (base 8) to base 9
53407
Convert -1181 (base 12) to base 6.
-13041
What is 684 (base 10) in base 15?
309
11011001011110 (base 2) to base 3
201002111
What is 1374 (base 8) in base 11?
635
What is 2212 (base 3) in base 15?
52
Convert 9444 (base 14) to base 16.
63c4
What is 199c (base 14) in base 2?
1001000100110
What is -2123212 (base 4) in base 8?
-23346
-20a (base 11) to base 2
-11111100
Convert 61 (base 7) to base 6.
111
What is 132d (base 15) in base 4?
333331
Convert 210102 (base 3) to base 13.
356
What is 7456 (base 8) in base 15?
1241
Convert -756 (base 11) to base 7.
-2435
-210102110 (base 3) to base 12
-9056
-1002220 (base 3) to base 11
-674
Convert 1feb (base 16) to base 12.
488b
-1322132 (base 4) to base 7
-31565
14000 (base 9) to base 4
2110011
Convert 503451 (base 6) to base 8.
115427
-66503 (base 7) to base 9
-24828
What is 21230 (base 8) in base 2?
10001010011000
What is -2335 (base 6) in base 11?
-472
Convert -32597 (base 12) to base 3.
-10101012221
2021000 (base 3) to base 12
b53
What is -942 (base 10) in base 13?
-576
Convert 2198 (base 10) to base 12.
1332
What is -187 (base 16) in base 4?
-12013
Convert -1180 (base 15) to base 12.
-21a0
7045 (base 8) to base 15
1116
Convert 8640 (base 11) to base 10.
11418
-2553 (base 16) to base 8
-22523
Convert -2c8 (base 16) to base 4.
-23020
Convert 18c (base 15) to base 6.
1353
Convert 2111001122 (base 3) to base 14.
13b5d
Convert 3016 (ba